nd 32.
2
Let o(c) = 8*c + 44. Let p be o(-5). Suppose 4*r - p*l - 384 = 0, -3*r = -4*l - 267 - 21. Calculate the greatest common divisor of r and 32.
32
Let i(g) = g**3 + 17*g**2 - 9*g - 67. Let m be i(-13). What is the highest common factor of m and 66?
66
Suppose 40 = 3*o - 2*j, 2*o + 3*j - 25 = 6. Let b = -130 + 132. What is the highest common factor of o and b?
2
Let o = 1527 + -1282. Suppose -4*c = -366 - 26. What is the highest common factor of c and o?
49
Let u = -451 - -967. What is the greatest common factor of u and 12?
12
Suppose 3*u - 8 = 4*r - 3*r, 2*u = 8. Suppose -2*d + r*q = -204, -5*q - 206 = -0*d - 2*d. Calculate the highest common factor of d and 14.
14
Suppose 0 = -5*u + 4*l + 31, 5*u = -2*l + 7*l + 30. Calculate the highest common factor of 49 and u.
7
Let d(a) = -17*a - 13. Let q = 37 + -32. Suppose -14 - 11 = q*v. Let f be d(v). What is the greatest common divisor of 24 and f?
24
Suppose -5*x + 5 + 0 = 5*n, 2*x + 4*n + 2 = 0. Let j be (-4)/(-4) + x + -1. Suppose -6*f + 45 = -j*f. Calculate the greatest common divisor of f and 30.
15
Suppose 0 = 17*o - 608 - 769. Calculate the greatest common factor of 3 and o.
3
Suppose 0 = -c - 4*c - c. Suppose -386 + 120 = -2*f + j, -3*j - 6 = c. Let z be 0/(-3) + 12 + 0. Calculate the highest common factor of f and z.
12
Let x be -5*((-6174)/30)/(-7). Let l be -1*2*x/14. Calculate the greatest common divisor of l and 189.
21
Suppose -5*q - y = 75, 0 = 3*y - 0 + 15. Let v(t) = -t**3 - 14*t**2 - 6*t - 45. Let r be v(q). Calculate the greatest common divisor of r and 13.
13
Suppose 3 = -q, 2*g = -4*q + 2747 - 979. Suppose g = 8*s + 74. What is the highest common divisor of 17 and s?
17
Let l be 96/(-10)*525/(-14). Suppose -l = -4*k - 60. Suppose 0 = -0*u - 3*u + 45. What is the greatest common factor of k and u?
15
Let s = 1 - -1. Suppose 0 = -5*g + 5*k - 0*k, k + 1 = s*g. Calculate the highest common divisor of 1 and g.
1
Let h = 75 + -11. Let o(f) = -f**3 + 9*f**2 - 9*f. Let i be o(7). Suppose 11 - i = -3*s. What is the greatest common factor of s and h?
8
Let p(g) = 19*g - 261. Let i be p(14). Suppose -5*t + 200 = -t - 4*y, -90 = -2*t + 4*y. What is the greatest common factor of i and t?
5
Let f(l) = -35*l**3 + 32*l**3 - 6*l**2 + 3 - 6*l + 3 - 5. Let v be f(-4). Calculate the highest common factor of 11 and v.
11
Suppose 0 = -l - 106*b + 105*b + 4, -4*l + 2*b + 40 = 0. What is the highest common divisor of l and 184?
8
Let p be 0 - (-5)/(-2)*-2. Suppose -3*c - p*k = 14, -5*c + 5*k + 21 + 9 = 0. Suppose c*y = 5*y - 66. What is the highest common factor of y and 11?
11
Let b be (-1 - (2 - -9))*4/6. Let a = -6 + 5. Let x be (-6)/b*(-24)/a. What is the greatest common divisor of 126 and x?
18
Let g be (-1272)/(-13) + 4/26. Let u(w) = 237*w**2 - 6*w + 2. Let o be u(-1). What is the greatest common factor of g and o?
49
Let r = 79 + -73. What is the greatest common divisor of r and 120?
6
Suppose -4*t - 25 - 63 = 0. Let l be (-2)/(-8) - 484/16. Let u = t - l. What is the highest common divisor of 64 and u?
8
Suppose 5 = -d + 3*f, 3*d = 4*f - 0*f - 15. Let r = 13 + 2. Let i be ((-108)/d)/(2/r). What is the greatest common divisor of i and 18?
18
Suppose -2*d - d + 3 = 0, 0 = -3*f + 5*d + 160. Let r = 9315 - 9293. What is the highest common divisor of r and f?
11
Let p be (1/(-4))/((-4)/176). Suppose 0*t = -t + p. What is the greatest common factor of 11 and t?
11
Suppose -53 + 378 = 65*t. Calculate the highest common factor of t and 27.
1
Suppose -25 = -5*g + 5. Suppose 0 = 2*o - u - 62, -2*u - 81 + 23 = -2*o. Let a = o + -15. What is the greatest common divisor of g and a?
6
Let n(z) be the first derivative of z**3/3 - z**2/2 - 2*z + 11. Let l be n(-1). Suppose l = -5*c + 419 - 159. What is the greatest common factor of 13 and c?
13
Let u be ((-726)/1)/(-11)*1. Let w = 24 - 12. What is the greatest common divisor of w and u?
6
Suppose -6025 - 14457 = -38*z. What is the greatest common factor of 33 and z?
11
Let a(k) = -2*k - 11. Let u(o) = -o - 5. Let t(g) = 6*a(g) - 13*u(g). Let p be t(2). What is the greatest common divisor of 8 and p?
1
Let g be 52 + (-22)/(-11)*1*-1. Calculate the greatest common factor of g and 10.
10
Suppose -72 = 5*u - 27. Let n be (3/2)/(u/(-132)). Suppose -4 + n = 2*p. Calculate the greatest common factor of 27 and p.
9
Suppose 0 = 78*d - 87*d. Suppose s - 19*s + 2070 = d. Suppose -27 + 119 = 4*y. Calculate the highest common divisor of s and y.
23
Let x = -971 - -1155. What is the greatest common factor of x and 32?
8
Let q = 37 - -35. Calculate the highest common factor of 414 and q.
18
Let z(n) = -n**3 + 5*n**2 + 3*n - 2. Let p be z(5). Let v = -31 + 37. Suppose -g = -4, -y - 577 = -v*y + 2*g. What is the greatest common factor of y and p?
13
Let v be (0 + -13)/(3/(-48)). Suppose -4*j - 2*s = -v, -4*s = -5*j - 66 + 352. Calculate the highest common divisor of 6 and j.
6
Suppose 6*j - b - 1607 = j, -2*j + 2*b + 638 = 0. What is the highest common factor of j and 46?
46
Let o(k) = -3*k + 115. Let v be o(17). What is the greatest common divisor of v and 960?
64
Suppose 0 = -5*g + o + 2, -o = 2. Suppose -3*h - 7 + 31 = g. Let w be 1*-1*8*-4. Calculate the highest common factor of h and w.
8
Let v(p) = -p**2 - 16*p - 55. Let c be v(-7). Let t = 4 + 0. Calculate the highest common divisor of c and t.
4
Let g(o) = -4*o**2 + 6*o**2 - 5*o + 2 + 5*o**3 + 0*o**3 + o. Let a be g(2). Calculate the greatest common divisor of a and 28.
14
Suppose -3*i + 43 + 11 = 0. Let k = -7 - -9. Calculate the greatest common factor of i and k.
2
Suppose 1944 = -55*n + 82*n. Calculate the highest common divisor of n and 1152.
72
Suppose 112 = 7*z + 42. Suppose 14*w = 10*w - 476. Let s = 199 + w. Calculate the greatest common divisor of z and s.
10
Suppose 2*j - 2*t + 1 + 5 = 0, -4*j + t = 24. Let m(k) = k**2 + 2*k + 5. Let y be m(j). Suppose 0*d = d - y. What is the highest common divisor of 16 and d?
8
Let t(x) = -5*x - 46. Let o(c) = -c - 9. Let n(h) = -11*o(h) + 2*t(h). Let l be n(3). What is the highest common divisor of l and 160?
10
Let r be (-97)/9 - 4/18. Let i(b) = b**2 + 11*b. Let y be i(r). Suppose 3*t = -1 - 2, 5*h - 5*t - 355 = y. What is the greatest common factor of h and 14?
14
Suppose 0 = 3*s - 3 - 12. Let g be 0/(-2)*(s + -4). Suppose 4*r - 3 - 33 = g. What is the highest common factor of r and 99?
9
Let o be -4 + -4 - (-160)/8. What is the greatest common divisor of 28 and o?
4
Let j(l) = 7*l - 12. Let n be j(15). Suppose 2*c - 3*c + 4*y + 92 = 0, -c + 3*y = -n. Calculate the greatest common factor of c and 24.
24
Suppose 26 = -3*b + 266. What is the highest common divisor of 140 and b?
20
Let n = -6 - -21. Let f = 15 + 5. What is the greatest common divisor of f and n?
5
Let h be 2/(39/9 + -4). Let q = -3 + h. Let p be q/(-21) + (-64)/(-56). What is the greatest common divisor of 11 and p?
1
Let k = 3944 + -3916. Let v = 9 + -2. What is the highest common factor of v and k?
7
Suppose 9*z - 5 - 157 = 0. Let i be (69/(-5) - -3)/(z/(-300)). Let v = -32 + 104. What is the highest common factor of v and i?
36
Suppose -2*c = 66 - 260. Suppose -2 = 5*n - c. Let q = n + -14. Calculate the greatest common factor of q and 55.
5
Let n(y) = -y**3 + 32*y**2 + 36*y + 6. Let h be n(33). Calculate the highest common divisor of 140 and h.
35
Let u = -193 - -481. Calculate the highest common factor of 480 and u.
96
Suppose 0 = 3*n - 3*z - 324, -3*n - 40*z = -36*z - 289. What is the highest common divisor of n and 1133?
103
Let o be 1/(2*2/44). Let u = 264 + -175. Suppose 2*n - 87 = u. Calculate the highest common factor of n and o.
11
Suppose 3*u + r = -2*r + 51, 4*r + 20 = 0. Calculate the greatest common divisor of 44 and u.
22
Let d(i) = 30*i**3 - 2*i**2 + i. Let j be d(1). Let v = 22964 + -22819. Calculate the highest common factor of v and j.
29
Let a = -136 + -53. Let b be ((-12)/(-14))/((-3)/a). Calculate the greatest common factor of 6 and b.
6
Suppose 2*m + m = i + 492, -i = -3. What is the highest common factor of m and 30?
15
Let q = 908 + -440. What is the highest common factor of 36 and q?
36
Let f = 7 + -4. Let r(j) = j**3 - 2*j**2 - 3*j + 4. Let n be r(f). Let a = 1971 - 1963. Calculate the greatest common factor of a and n.
4
Suppose 5*h - h - 5*j = 77, 4 = -4*j. What